- 158 = -z, -z - 4*m + 23 + 136 = 0. What is the units digit of z?
3
Suppose 7*n - 574 = 5*n. What is the hundreds digit of n?
2
Suppose b = -4*t + 199, 7*b - 4*b = -5*t + 254. What is the units digit of t?
9
Let b(a) = a**2 - 5*a - 9. Let y be b(7). Suppose 0 = -5*c - 25 - 0. Let v = y - c. What is the units digit of v?
0
Suppose 320 = o + 121. What is the units digit of o?
9
Let g(h) = 2*h**2 + 17*h + 38. What is the hundreds digit of g(-12)?
1
Let t be (0 - -1)/(8/56). What is the units digit of (-64)/(-28) - 2/t?
2
Suppose 34 = 5*t + 14. What is the units digit of (2 - 6)/t + 6?
5
Suppose 2*g = -i + 3, -4*i - 4*g + 15 = g. Let q(j) = j + 2 + 2 - i. What is the units digit of q(4)?
3
Suppose -2*x - 3 = -3*x, 5*g + 4*x - 182 = 0. What is the tens digit of g?
3
Suppose 2*b = -5*t - 0*b + 22, 3*b - 3 = 0. Let y(w) = 2*w + 5. What is the units digit of y(t)?
3
What is the hundreds digit of ((-4812)/9)/2*3/(-2)?
4
Let j(u) = -3*u + 20 - 3*u + 2*u + u. What is the units digit of j(6)?
2
Suppose 9*l - l - 392 = 0. What is the tens digit of l?
4
Let y(g) = -50*g - 18. What is the hundreds digit of y(-4)?
1
Let p = 11 + 80. Let a = p - 53. What is the units digit of a*1/2 - 0?
9
What is the units digit of (-2)/5*(32*-4 + 3)?
0
Suppose 3*l + i = 1023, -5*l - 731 + 2436 = 3*i. What is the units digit of l?
1
Suppose 4*g - 3*r + 2*r - 25 = 0, -2*g - 3*r = 5. What is the units digit of g?
5
Let d(f) = -f**2 + f. Let q be d(2). Let x be 2/((1*q)/2). What is the units digit of ((7 - -1)/(-1))/x?
4
Suppose 11*t = 5*t + 1296. What is the hundreds digit of t?
2
Let x(w) = w**2 + 7*w - 7. Let q be -10 + (-8)/(-2*2). What is the units digit of x(q)?
1
Suppose -13*k = -10*k. Suppose 2*q - 4*d = 4*q - 106, k = 4*d - 8. What is the tens digit of q?
4
What is the units digit of (-6)/18 + ((-759)/(-9) - 1)?
3
Suppose 4*d - 4 = 8. Suppose 4*y = -3*q + 27, 0*y = d*q - 4*y - 3. Let f = q + -1. What is the units digit of f?
4
Let x be 15/2*(-16)/10. What is the units digit of (-21)/6*x/7?
6
Suppose 0 = 5*m - 32 - 3. Let d = -3 - m. Let p = d - -16. What is the units digit of p?
6
Let q = 28 + 33. What is the tens digit of q?
6
Suppose -2*g = -71 - 57. Let h = 113 + -67. Let b = g - h. What is the units digit of b?
8
Let t = 19 + 0. Let o = 9 + t. What is the tens digit of o?
2
Let x(p) = p**3 + 3*p**2 + p - 1. Let h be x(-2). Let l be (-3)/1*(-44)/12. Let r = h + l. What is the units digit of r?
2
Suppose -92 = -5*o + 53. What is the units digit of o?
9
Let m = -45 - -78. Suppose -3*r = 3*l - m, 2*l = -2*r - 3*l + 25. What is the units digit of (12/20)/(2/r)?
3
Suppose 4*n + 5 = 3*c - 15, -5*c = -20. What is the tens digit of (-2)/4 - 59/n?
2
Let c(x) = 2*x**3 + 9*x**2 + 9*x + 14. Let p(q) = 3*q**3 + 9*q**2 + 9*q + 14. Let n(v) = 4*c(v) - 3*p(v). What is the units digit of n(10)?
4
Let s be (26/4)/(2/4). Suppose 0 = -2*b + 3 - s. What is the units digit of 1 + -1 - (b - -2)?
3
What is the tens digit of 10/4*162/15?
2
Suppose v - 6 + 0 = 0. What is the units digit of v?
6
Let y be (-4)/6 + (-126)/(-27). Suppose h - y*h + 4*g + 31 = 0, -h + 2*g + 9 = 0. What is the tens digit of h?
1
What is the units digit of 5 - (3 - 0) - -83?
5
What is the tens digit of (-870)/25*5/(-2)?
8
Let j = -28 - -56. Suppose 4*r - 3*r = j. What is the tens digit of r?
2
Let q = -3 + 7. Suppose -2*p + 10 = q. Suppose 0*a - p = -a. What is the units digit of a?
3
Let u(q) = -q**3 - 16*q**2 + 9*q + 8. What is the hundreds digit of u(-17)?
1
Let c = -5 + -5. Let h = 17 + c. What is the units digit of h?
7
Let w be 108/8 - (-6)/(-4). Let h(b) = 2*b + 11. What is the units digit of h(w)?
5
Let k(f) = f**3 + 4*f**2 + 4*f + 2. Let t be k(-2). Let s = t + 1. Suppose s*a = -0*a + 12. What is the units digit of a?
4
Let l be ((-6)/8)/(1/(-4)). Suppose l*k + 6 = 0, 0*k = 5*p - 3*k - 171. What is the tens digit of p?
3
Let g(w) = w**3 + 3*w**2 + 1. Let j be g(-3). What is the units digit of (-2 + j - 1)/(-1)?
2
Let o be -2 - (-2 - -22 - 1). What is the tens digit of 116/6 - 14/o?
2
Suppose 8*k - 2848 = -0. What is the tens digit of k?
5
Let b(i) = 4*i - 3. Let k be b(2). Let j(s) = 2*s + 2. What is the tens digit of j(k)?
1
Let h = -3 + 8. Suppose -2*f = -7*f - 10. What is the units digit of (h + -1)/(-2)*f?
4
Suppose -7*p + 3*p - 18 = -2*h, -5*h - 4*p - 11 = 0. Suppose 0*d + 4 = 5*g + 4*d, 4*g = -d + h. Suppose -3 = -3*o - g. What is the units digit of o?
1
Suppose 3*w + 15 = 39. Suppose -w = v - 14. What is the units digit of v?
6
Let l(x) = -x**2 + 10*x + 4. Suppose 3 + 9 = 4*d. Let w = d + 6. What is the units digit of l(w)?
3
Suppose 5*y - 57 - 43 = 0. What is the tens digit of y?
2
What is the tens digit of (32 + -4)*3 - 3?
8
Let u = -6 + 8. Let t = u - -1. What is the units digit of t?
3
Let q(k) = -37*k + 3. Let l(i) = -i. Let s(m) = 3*l(m) + q(m). What is the units digit of s(-1)?
3
Let s(v) = 164*v - 3. What is the tens digit of s(1)?
6
Let r(b) be the third derivative of b**5/60 - b**4/4 + 5*b**3/6 - 9*b**2. What is the units digit of r(11)?
0
Suppose 0 = u - 4 - 3. Suppose -11 - u = -3*l. What is the units digit of l?
6
Suppose -n + 8 = s, s + 4*s = -4*n + 36. Let i = 0 + s. Suppose -3*u = i*b - 12, 3*u - 2*u = 2*b + 14. What is the units digit of u?
8
What is the units digit of (132/8)/((-1)/(-2))?
3
Let m(k) = -k**3 + 12*k**2 - 9*k - 3. Let s be m(11). Suppose 4*i - s = 29. Suppose 0*x = 3*x - i. What is the units digit of x?
4
Suppose -3*k + h = 26, 4*k + 48 = 7*h - 3*h. Let l be 0/k + (-1 - 1). Let j = l - -4. What is the units digit of j?
2
Suppose 4*m + 0*m + 3*r + 12 = 0, 0 = 2*m - 2*r - 8. Suppose 2*q - 8 = -m. What is the units digit of q?
4
Suppose 0 = -2*v - 3 + 5, 5*f - 3*v = 17. Let p = f + -3. What is the units digit of p?
1
Let y(s) = -s**3 + 8*s**2 - s - 2. Let n = -14 - -22. Let x be y(n). Let g = -5 - x. What is the units digit of g?
5
Let g(c) = -17*c + 12. Let v(r) = 4*r - 3. Let n(k) = 2*g(k) + 9*v(k). Let d = -4 - -6. What is the units digit of n(d)?
1
Let f = -7 + 7. Let r = f - -4. Suppose r*s + 9 = 25. What is the units digit of s?
4
Let k(b) = 2*b - b - 1 - 3*b**2 + 3*b + b**3. Let t be k(3). Let a = -6 + t. What is the units digit of a?
5
Let s = 2 + 0. Suppose -1 = s*h - 11. What is the units digit of h?
5
Let t be (1 + 0)/(3/(-15)). What is the units digit of (-4)/15*3*t?
4
Let i be -4*(5/4 - 2). Let a(g) be the second derivative of g**4/12 - g**3/3 + g**2 + g. What is the units digit of a(i)?
5
Suppose 0*x + 4 = x. Suppose 2 = y - x. What is the units digit of y?
6
Suppose 0 = -n - 15 + 17. Suppose 3*p + 4*o = 6, 0 = -o - 3 - 0. Suppose 0*a + p = -u + n*a, 17 = -2*u + 5*a. What is the units digit of u?
4
Let d(b) = 2*b - 7. Let j be d(5). Suppose 75 = -j*p + 8*p. What is the tens digit of p?
1
Suppose -5*x + 5 + 20 = 0. Let k = x + 2. What is the units digit of k?
7
Let a(b) = -11*b. Let t(n) = -2*n + 35*n + 4 - 3. Let q(x) = -8*a(x) - 3*t(x). What is the tens digit of q(-2)?
1
Suppose 0 = -5*s, -3*b + 4*b = 3*s + 6. Let l be 6*(2 - 14/b). What is the units digit of (13 + -5)/(0 - l)?
4
Let n = -8 + 11. Suppose n*a = -2*a + 65. Let j = -7 + a. What is the units digit of j?
6
Suppose 19 = 4*r + 3. Suppose 21 = 5*c - r. Suppose -2*o + c*o = 21. What is the units digit of o?
7
Let u be (55 - 6) + 1*-1. Suppose -4*w = 4*k - u, 0 = -k - 3*w + 4*w + 8. What is the units digit of k?
0
Suppose 0 = 5*q - 39 - 11. What is the units digit of q?
0
Suppose 4 = 4*o, 0 = 2*b - 6*o + 3*o - 59. What is the units digit of b?
1
Suppose -2*h + 3*i = -6, 2*i - 15 = 4*h - 9*h. Suppose -h*r + 6 = -4*w, 0 = -0*w + 3*w + r - 2. Let f(t) = t**3 - t**2 + 6. What is the units digit of f(w)?
6
Suppose 2 = 3*a - 4, -163 = -3*k + 4*a. What is the units digit of k?
7
Suppose -z - z + 12 = 0. Suppose 5*m = 5*y - 70, y + 0*m = -m + z. What is the units digit of y?
0
Let w(u) = u + 14. Let r be w(-7). Suppose -r = -3*k - 1. What is the units digit of k?
2
Let x be (-1)/(-3) + (-17)/(-3). Let f be 2/x - 10/(-15). Suppose -14 = -5*u + f. What is the units digit of u?
3
Let r(g) = 2*g. Let l be r(-1). What is the units digit of ((-18)/4)/(l/4)?
9
What is the units digit of -3 - (180/(-3) - 1)?
8
Suppose 5*u - 2*f - 30 = 0, 2*u + 5*f + 14 = -3. Suppose -95 = -3*w - b, 82 = 3*w - u*b - 18. What is t